s(h). Calculate l(4).
13
Let u(w) = 11*w - 23*w + 2*w - 9 + 12*w. Let c be 0 - (-10 - -1*2). Give u(c).
7
Let x(a) be the first derivative of -a**2/2 + 4*a + 4. Let q(f) be the first derivative of f**3/3 - f**2/2 + 2*f - 2. Let m be q(2). Calculate x(m).
0
Let u(x) = -28*x - 8 - x**2 + 5 + 23*x. Suppose r + 2 = -s, -2*s + 6 = -3*s - 2*r. Suppose -6 = s*o + 4. What is u(o)?
-3
Let i(z) = 12*z**3 - 2*z**2 + 2*z - 1. Suppose 4*c - 22 = -2*j, -5*j - c + 6 = -4*j. Give i(j).
11
Let r(b) = -6*b - 55. Let z(v) = -v - 11. Let q(g) = -2*r(g) + 11*z(g). Suppose 4*d - s = 21, 9*d = 8*d - 4*s + 1. Give q(d).
-6
Let p be -4*(27/72 + 1/8). Let q(v) be the first derivative of -v**3/3 - v**2 - 2*v + 1. What is q(p)?
-2
Let b(t) = -3*t**3 + 32*t**2 + 27*t - 10. Let q = 3 - 9. Let c(n) = n**3 - 11*n**2 - 9*n + 3. Let j(y) = q*b(y) - 17*c(y). Give j(6).
-9
Let x(n) be the third derivative of -n**6/120 + n**5/10 - n**4/4 - 9*n**2. What is x(5)?
-5
Let x(p) = 7 + p**3 - 8*p**2 - 13*p + 3*p + 5. Let a = 402 + -393. What is x(a)?
3
Suppose 0 = 3*v - 5*j - 15, 7*v = 5*v + j + 3. Let p(b) = 0*b - b + 0 + 6 + b**3. Determine p(v).
6
Let r = 3 - 1. Suppose 24 = 6*i - r*i. Let p = -9 + i. Let w(q) = -q**2 - 2*q. What is w(p)?
-3
Suppose -12 = -7*z + 3*z. Let o(m) = -m**3 + 3*m**2 - m + 4. Determine o(z).
1
Let s = -2 + 6. Let f(k) = -k**2 - 4 + 8 + s*k + 3. Give f(5).
2
Let o(x) = 0*x - x - 1 - 3 + 1. Let l(r) = r - 1. Let v be l(-2). Let u be 2 + v - 1 - 3. What is o(u)?
2
Suppose -2*t + 0*z + 2*z = 4, -2*t - z + 8 = 0. Suppose 0 = -4*q + 4*u + 32, -q = -5*u - 13 - 15. Let h(n) = -n**3 - 2*n + 2*n**q - n**2 - 6 + 7. Give h(t).
1
Suppose -2*r + 12 = -0*r + 5*g, -5*g = -r - 9. Let b be 5/4 + r/(-4). Let u(i) = 4*i**2 - i + 1. Give u(b).
4
Let g(c) be the second derivative of c**4/12 + c**3/3 + c**2/2 + 2*c. Suppose -3*u = 3*p + 12, -5*u - 11 = -p + 3*p. What is g(u)?
0
Let p(x) = x**3 - 3*x**2 - 4*x. Let o(y) = -y**2 + 7*y - 6. Let b be o(5). What is p(b)?
0
Let k(j) = -2*j**2 + 2*j + 4. Suppose -4*g + u - 5*u = 8, -3*u = -2*g + 21. Suppose 8 = g*o - 1. What is k(o)?
-8
Let a(r) = -4*r**2 + 3*r**2 - 5 + 5*r - 12*r. What is a(-4)?
7
Let a = -7 - -16. Suppose -5*o - a = 1. Let l(s) = s**2 + 2*s. Give l(o).
0
Let l(c) = -11*c - 20. Let x(y) = 7*y + 13. Let d(f) = 5*l(f) + 8*x(f). What is d(-4)?
0
Let l(b) = b + 6. Let v be (-23)/(-3) + (-15)/9. Calculate l(v).
12
Suppose d = 5, -2*v - 2*v - d - 11 = 0. Let u(i) = 5*i**2 - i**2 - 5 + i**3 + 42*i - 46*i. What is u(v)?
11
Let a(w) = -4*w - 1. Suppose 7*v - 3*v + 20 = 0. Let j = v + 6. Let m = -2 + j. Calculate a(m).
3
Let q(x) = 4 - 1 - 2 + x + 6. What is q(-8)?
-1
Let d(w) = -w**3 + 4*w**2 - w - 2. Let u be d(3). Let i(k) = 7*k**2 - 5*k**3 - 2*k**2 + 4*k**3 - u*k. Let b(c) = c - 1. Let f be b(4). Calculate i(f).
6
Let s(u) = 8*u**2 + 10*u + 8. Let k(l) = -3*l**2 - 3*l - 3. Let w(b) = -11*k(b) - 4*s(b). Give w(6).
-5
Let b(o) = -o - 1. Let w(i) = i - 5. Let l be w(7). Suppose 0 - 4 = -l*q. Let g be (q/4)/(3/18). What is b(g)?
-4
Let z(f) = f - 3. Suppose 0 = -n - 0*s - 3*s + 20, -5*n + 5*s = -20. Let d be z(n). Let x(h) = h**2 - 4*h - 5. Determine x(d).
0
Let j(h) be the first derivative of 8*h - 5/2*h**2 + 3 - 1/3*h**3. Calculate j(-7).
-6
Let p(s) = 2*s + 2 + 3*s + 0*s. Let o(u) = 10*u - 92. Let j be o(9). Determine p(j).
-8
Let t = 0 - 0. Let m(n) be the first derivative of -1/3*n**3 - 6*n + 5 + 1/2*n**2. Determine m(t).
-6
Let z = -5 + 1. Let r(k) = -2*k**2 + 2*k + k**3 - 3*k**2 - 2*k**3 - 7*k. Give r(z).
4
Let u be 452/(-92) + (-4)/46. Let n(a) = -a - 1 + 0 - 1. Give n(u).
3
Let x = 21 + -17. Suppose -4*j - 4*b = -8*b - 12, -27 = -x*j - b. Let g(y) = y - 5. Determine g(j).
1
Suppose 9 = -2*n - 3*h, -13 = -5*n + 4*n + 2*h. Let r(w) = 5*w + 5. Let d = -18 - -26. Let j(f) = -2*f - 2. Let x(v) = d*j(v) + n*r(v). Calculate x(-3).
2
Let q(a) = -a**2 - 5*a + 10. Let d be q(-7). Let j(v) = v**3 + 2*v**2 - 7*v - 5. Give j(d).
-9
Let l = 26 + -23. Let d(p) = -p**2 + 3*p - 1. Give d(l).
-1
Let q = -10 + 6. Let h(s) be the first derivative of s**4/4 + s**3 - 3*s**2 - 6*s + 3. Determine h(q).
2
Suppose 0 = 2*g - 0 + 2. Let w(v) be the second derivative of -1/2*v**2 + 0 - 7/6*v**3 + v. Give w(g).
6
Let o(d) = -d**3 + 7*d**2 + 8*d + 5. Let r be o(8). Let m = -2 + r. Let x(q) = 2*q - 4. Calculate x(m).
2
Let w(t) = -3*t. Let d(a) = a**3 + 2*a**2 - 1. Let z be d(1). Suppose 0 = -z*u + 3*u - 3. Let y = 5 - u. Determine w(y).
-6
Let q be ((-9)/(-6))/(6/8). Let x(k) = -2*k - 2 - 3*k**2 - 2 - k**3 - 2*k**q. What is x(-5)?
6
Let l(k) = k**2 - 7*k + 5. Let r be l(6). Let g be r/3 + 4/(-6). Let t(o) = -3*o**3 + o**2 + o. Determine t(g).
3
Suppose 2*a = a + 1. Let l(w) = -a - 4 + w + 3 + 6. Determine l(4).
8
Let y(h) be the second derivative of 1/180*h**6 - 1/6*h**4 + 0*h**2 + 0*h**5 + 0*h**3 + 0 - 2*h. Let t(b) be the third derivative of y(b). Calculate t(2).
8
Let j(b) = b**2 + 4*b - 1. Let a be (4/6)/(4/6). Let h(d) = 6*d - 1. Let l be h(a). Suppose -l = 2*v + 1. Determine j(v).
-4
Let q(m) be the second derivative of -m**3/6 + 11*m**2/2 - 14*m. Give q(11).
0
Let c(x) = -x**3 - 2*x**2 + x + 1. Let n(f) = 0*f + 4*f + 5*f**2 - 4*f**2 - 2. Let k be n(-4). Let l be c(k). Let y(i) = 3*i**3 - 1. Calculate y(l).
-4
Let p be (-1)/(((-7)/(-2))/(-7)). Let j(c) = -3 + 2 + 3*c**p - 1 + 1. Calculate j(2).
11
Let r(g) = 11 - g**3 - 21 - 2*g + 5*g**2 + 9 + 4. Calculate r(4).
11
Let o = 16 - 16. Let z(k) = k**3 + 3*k**2 + 2. Let h be z(-3). Let w(p) = -p + 0 + 4 + 2 + h. Determine w(o).
8
Let l(f) = -4*f + 2 + 1 - f**2 + 0*f**2 + 1. Let h = -3 - -3. Suppose -4*d - 3*v = 19, 2*d - 4*v + 0*v + 4 = h. Determine l(d).
4
Let z(g) be the third derivative of g**9/60480 - g**8/4032 + g**7/1680 - g**6/720 + g**5/60 + 2*g**2. Let i(k) be the third derivative of z(k). Determine i(4).
-5
Let i(t) = 2 + 3*t**2 + 2 - 3 - 2*t**2 + 5*t. Determine i(-5).
1
Let j(s) be the first derivative of -3*s**4/4 - s**3/3 - s**2/2 - s + 11. Determine j(-1).
2
Let d(q) = -15 + 2*q**2 + 14 + 5*q - 6*q**2 + 5*q**2. Give d(-6).
5
Let c(l) = l**3 + 2*l**2 + 2*l - 2. Suppose 10*r = 9*r - 2. Give c(r).
-6
Let b = -2 + 8. Let g = b - 4. Let v(q) = 2*q - 1. Determine v(g).
3
Suppose 4*l = 7 + 13. Let g(b) = 2*b**2 + 11*b + 8. Let q be g(-5). Suppose -3*h - 2*u = 9 - q, -23 = 2*h - l*u. Let d(m) = m**2 + 4*m + 5. Calculate d(h).
5
Suppose 8 = -4*r - 0. Let p(u) = -u + 11 - 6 + 6. Let c(s) = 5. Let t(z) = -5*c(z) + 2*p(z). Determine t(r).
1
Let q(h) = 7*h**3 + 2*h**2 - 11*h - 10. Let f(d) = 13*d**3 + 4*d**2 - 21*d - 19. Let m(a) = -6*f(a) + 11*q(a). Let r be 2/8 - 221/68. Give m(r).
-2
Let l(m) = -m - 11. Let d(y) = y + 2. Let f be d(5). Let s = f - 7. Determine l(s).
-11
Suppose -15 = -2*i + 3*b, i = -b + 19 - 4. Let w be 2/2*i/2. Suppose q = s - 3, w*q + 3*s - 16 = 2*q. Let p(t) = 8*t. Calculate p(q).
8
Let i(p) = -p**2 + 5*p + 1. Let n(w) = -w**3 + 19*w**2 - 33*w - 13. Let c be n(17). What is i(c)?
5
Let s be -2 - (2*-1)/2. Let q = -1 - s. Let m(r) = 2 - 5*r**2 + 2*r - r + 4*r**2 - r**3 - 6. Give m(q).
-4
Let w(d) = 13*d**3 + d. Let y(r) = -r**2 - r + 1. Let p be y(0). Determine w(p).
14
Let u(b) = -b - 12. Let v be u(-12). Let f(p) = 1 - 2*p + v - 2*p - p. What is f(2)?
-9
Suppose 0 = -p + 3*c - 3, -p + 2*c + 0*c = 1. Let h(a) = 7 + 5*a - 9 - 4*a**2 + 7 - a**p. What is h(-5)?
5
Let i(u) = -u**3 + 9*u**2 + 11*u - 9. Let a be i(10). Suppose 0 = 3*o - 4*o - a. Let c(j) = 2*j - 1. What is c(o)?
-3
Let w(m) = -m**2 - 9*m + 8. Let c be w(-10). Let g(a) be the second derivative of -a**3/6 - a**2 - 2*a. Determine g(c).
0
Let s(a) = a**2 - a. Let v(b) = b**3 - b**2 + b - 1. Let y(g) = 5*g**3 - 3*g**2 + 3*g - 4. Let z(f) = -4*v(f) + y(f). Let o be z(0). Calculate s(o).
0
Let d(n) = 7*n + 1. Let m be d(2). Suppose -5*h - m = -0*h. Let v(u) = -2*u - 2. Give v(h).
4
Let q(l) = -l - 1. Let w be q(0). Let a(v) = -6*v**2 - v + v**2 + 7 - 8. Give a(w).
-5
Let t(f) = -f**3 - f**2 + 3*f + 2. Let v(q) = -q + 5. Suppose -3*d = -7*d + 12. Let h be v(d). Suppose 0*k = k + h. Calculate t(k).
0
Suppose 17*x + 28 = 21*x. Let i(v) = -v**2 + 10*v - 5. Determine i(x).
16
Let n(g) = -g**2 + 6*g. Let f be n(5). Let l(p) be the third derivative of -p**4/24 + 2*p**3/3 + p**2. Give l(f).
-1
Suppose -f - 3*f = 4. Let n be -1